p**2 + 32*p + 35. Determine c(-7).
-42
Let m(b) = 4*b**2 + 21*b + 33. Calculate m(-4).
13
Let l(p) = 4*p**3 + 73*p**2 - 137*p + 60. Determine l(-20).
0
Let t(c) = -c**3 + 22*c**2 + 52*c - 60. Give t(24).
36
Let w(t) = -11*t**2 - 110*t + 545. Give w(4).
-71
Let n(a) = a**3 - 11*a**2 - 31*a + 226. Calculate n(12).
-2
Let g(u) = 43*u**2 + 460*u + 304. What is g(-10)?
4
Let i(o) = -6*o**2 + 16*o - 17. Calculate i(1).
-7
Let v(f) = -f**3 - 15*f**2 + 248*f - 2047. Calculate v(-27).
5
Let c(l) = 210*l - 6051. Give c(29).
39
Let n(i) = 11*i**3 - 2*i + 1. Give n(-2).
-83
Let b(f) = -f**3 + 12*f**2 + 11*f - 22. Determine b(13).
-48
Let d(r) = -49*r + 761. Give d(19).
-170
Let j(l) = -20*l - 2158. Determine j(-108).
2
Let w(k) = k**3 - 21*k**2 - 146*k - 27. Calculate w(-7).
-377
Let l(z) = 87*z + 2140. Calculate l(-24).
52
Let r(b) = 90*b + 338. Calculate r(-4).
-22
Let n(i) = i**2 - 59*i - 410. Give n(-6).
-20
Let t(o) = 227*o - 4086. Calculate t(18).
0
Let m(c) = 14*c**2 - 61*c + 230. Determine m(4).
210
Let d(s) = -413*s + 6611. What is d(16)?
3
Let x(p) = p**3 - 44*p**2 + 116*p + 310. Determine x(41).
23
Let o(p) = -24*p**2 - 596*p + 179. Give o(-25).
79
Let o(b) = 4*b**2 - 112*b - 6. Determine o(27).
-114
Let q(i) = -i**3 - 7*i**2 - 12*i + 45. Calculate q(-8).
205
Let j(s) = -46*s - 395. Give j(-8).
-27
Let v(d) = -40*d + 2710. Determine v(68).
-10
Let s(h) = -43*h**2 + 3614*h - 57. Determine s(84).
111
Let r(c) = c**3 + 30*c**2 - 70*c + 46. What is r(-32)?
238
Let x(l) = l**2 + 12*l - 336. Determine x(16).
112
Let k(d) = 4*d**2 - 51*d + 49. Determine k(12).
13
Let i(n) = -n**2 - 103*n - 1857. What is i(-79)?
39
Let g(m) = -m**3 + 47*m**2 - 217*m + 297. Calculate g(42).
3
Let z(g) = g**3 - 7*g**2 + 15*g - 16. Give z(4).
-4
Let l(m) = 1279*m - 11507. What is l(9)?
4
Let x(s) = -91*s**2 + 14*s + 16. What is x(-1)?
-89
Let c(k) = k**3 - 9*k**2 + 15*k - 417. Determine c(11).
-10
Let w(m) = -m**2 + 58*m - 368. What is w(6)?
-56
Let w(n) = 8*n**2 + 221*n - 888. Calculate w(4).
124
Let d(u) = 483*u + 4883. Determine d(-10).
53
Let h(s) = -s - 39. Calculate h(35).
-74
Let d(f) = -f**3 - f**2 - 30*f - 29. Determine d(-1).
1
Let t(y) = -287*y - 1408. Give t(-5).
27
Let l(k) = 7*k**2 + 521*k + 224. Calculate l(-74).
2
Let i(n) = -n**3 - 8*n**2 - 11*n + 6. Determine i(-6).
0
Let c(u) = 34*u - 626. Calculate c(18).
-14
Let s(m) = -74*m + 243. Give s(4).
-53
Let c(i) = 65*i + 644. Calculate c(-10).
-6
Let x(r) = -1067*r + 8655. Determine x(8).
119
Let a(c) = 5*c**3 - 27*c**2 - 19*c + 15. Determine a(6).
9
Let t(o) = -3*o - 17. Determine t(-19).
40
Let x(l) = 284*l - 536. What is x(2)?
32
Let w(v) = v**3 - 16*v**2 - 67*v + 540. Calculate w(18).
-18
Let p(x) = x**3 - 11*x**2 + 16*x - 24. Calculate p(10).
36
Let j(w) = w**3 - 64*w**2 + 183*w + 27. Determine j(61).
27
Let l(j) = -36*j - 508. Give l(-14).
-4
Let m(l) = -71*l + 4. Calculate m(-2).
146
Let d(k) = k**2 - 1744*k + 20796. What is d(12)?
12
Let o(p) = -79*p**2 + 1827*p - 227. Calculate o(23).
3
Let m(t) = 7*t**2 + 511*t + 6. Calculate m(-73).
6
Let f(o) = -381*o - 2671. What is f(-7)?
-4
Let l(c) = 63*c - 139. Determine l(0).
-139
Let l(g) = -4*g**3 + 5*g**2 + 22*g - 81. Give l(4).
-169
Let q(g) = -g**3 + 8*g**2 + 274*g + 13. Calculate q(-13).
0
Let q(d) = -d**3 + 17*d**2 + 202*d - 39. Determine q(25).
11
Let s(w) = -269*w - 12649. What is s(-47)?
-6
Let h(f) = -61*f + 445. What is h(8)?
-43
Let z(p) = 3*p**2 - 156*p + 1766. Calculate z(17).
-19
Let a(x) = -x**3 - 4*x**2 + 5*x + 20. Give a(-4).
0
Let u(t) = -7*t**2 + 68*t - 186. Give u(11).
-285
Let m(i) = -73*i - 1108. What is m(-16)?
60
Let h(f) = -5*f**3 + 13*f**2 + 8*f - 3. Calculate h(3).
3
Let q(i) = 820*i + 9880. Calculate q(-12).
40
Let u(y) = 2*y**3 + 34*y**2 - 398*y + 46. Give u(-25).
-4
Let g(a) = 188*a + 512. Determine g(-3).
-52
Let b(x) = -31*x - 2667. What is b(-86)?
-1
Let f(m) = m**3 + 8*m**2 - 2*m - 21. Determine f(-8).
-5
Let b(r) = -r**3 + 75*r**2 - 417*r - 220. Calculate b(69).
-427
Let n(c) = 24*c + 255. Give n(-9).
39
Let n(i) = -74*i + 145. What is n(1)?
71
Let i(j) = -2*j**3 - 28*j**2 - 23*j + 38. Calculate i(-13).
-1
Let u(a) = a**3 - a**2 - a - 211. What is u(0)?
-211
Let p(m) = -5*m + 367. What is p(5)?
342
Let k(v) = -v**2 - 42*v + 699. Determine k(-57).
-156
Let i(r) = -r**2 - 102*r - 1146. Give i(-13).
11
Let v(q) = -74*q + 7008. Calculate v(95).
-22
Let c(k) = -7*k**2 + 35*k + 30. What is c(5)?
30
Let q(x) = 7*x + 193. Determine q(-26).
11
Let m(l) = 524*l - 3675. Give m(7).
-7
Let y(k) = k**3 - 16*k**2 + 12*k + 4. Calculate y(8).
-412
Let g(q) = -14*q - 174. Give g(-13).
8
Let c(y) = -y**3 - 17*y**2 + 108*y - 64. Determine c(-22).
-20
Let x(m) = 7*m**2 + 65*m + 46. Calculate x(-10).
96
Let n(w) = -9*w**2 + 21*w - 21. Give n(3).
-39
Let s(o) = -4*o**3 - 15*o**2 - 33*o + 1. Determine s(-2).
39
Let w(j) = -j**3 + 25*j**2 + 5*j - 110. Calculate w(25).
15
Let j(v) = 104*v + 126. What is j(-1)?
22
Let g(t) = -2*t**2 - 43*t - 178. Determine g(-7).
25
Let q(k) = -k**3 + 75*k**2 - 343*k - 27. What is q(5)?
8
Let m(r) = -6*r**2 + 6*r - 2. Calculate m(-2).
-38
Let u(d) = -d**2 - 13*d - 27. What is u(-17)?
-95
Let i(o) = 15*o - 136. Give i(11).
29
Let u(b) = 2*b**2 + 210*b - 656. Calculate u(-108).
-8
Let c(g) = 2*g**3 + 202*g**2 + 3116*g - 20. Determine c(-82).
-20
Let q(w) = w + 35. Calculate q(-18).
17
Let p(v) = 6*v + 79. Determine p(-11).
13
Let o(h) = 171*h - 2559. Give o(15).
6
Let h(j) = 56*j + 1492. Calculate h(-26).
36
Let a(z) = -z**3 - 29*z**2 - 97*z - 1118. Determine a(-27).
43
Let k(h) = -h**2 - 116*h + 2255. Calculate k(-133).
-6
Let k(j) = -224*j - 677. Calculate k(-3).
-5
Let m(c) = 532*c + 18090. What is m(-34)?
2
Let t(i) = 25*i + 2204. Give t(-88).
4
Let o(w) = -w**3 + 7*w**2 - 178*w + 1759. What is o(9)?
-5
Let s(l) = 8*l**2 + 1261*l - 1732. Give s(-159).
17
Let k(x) = 51*x - 1706. Give k(27).
-329
Let y(b) = -b**3 + 44*b**2 - 480*b - 30. What is y(22)?
58
Let f(q) = -368*q**2 + 34*q - 37. What is f(1)?
-371
Let m(g) = g**3 - 2*g**2 - 116*g + 9. Give m(-10).
-31
Let r(t) = 3*t + 305. Calculate r(0).
305
Let d(t) = 1330*t - 11943. Calculate d(9).
27
Let k(z) = 597*z - 150451. Calculate k(252).
-7
Let t(i) = -i**3 + 15*i**2 + 105*i - 107. What is t(20)?
-7
Let q(a) = -a**2 + 46*a + 127. What is q(-3)?
-20
Let l(f) = 3*f**2 + 174*f - 2764. What is l(-71)?
5
Let d(w) = -w**3 + 24*w**2 - 120*w - 145. Give d(16).
-17
Let j(u) = u**2 - 19*u + 27. Calculate j(-10).
317
Let z(a) = -17*a + 347. Give z(21).
-10
Let y(r) = -218*r - 17685. Determine y(-81).
-27
Let s(a) = -13*a - 9. What is s(-2)?
17
Let m(j) = j**2 - 32*j + 148. Determine m(6).
-8
Let n(x) = 1478*x + 1470. What is n(-1)?
-8
Let b(n) = 328*n - 619. Calculate b(2).
37
Let l(f) = 110*f - 1947. What is l(18)?
33
Let o(c) = 55*c + 562. Give o(-8).
122
Let s(b) = -30*b + 1743. What is s(55)?
93
Let h(a) = -7*a**3 + 969*a**2 - 415*a + 152. Determine h(138).
14
Let h(r) = r**3 - 27*r**2 + 56*r - 142. Determine h(25).
8
Let j(b) = b**3 - 17*b**2 + 7*b + 40. What is j(16)?
-104
Let t(x) = x**2 + 29*x + 19. What is t(-24)?
-101
Let b(v) = -v**2 - 246*v - 2587. What is b(-11)?
-2
Let f(b) = -b**3 - 6*b**2 + 2*b - 124. Determine f(-8).
-12
Let l(x) = 302*x - 39561. Determine l(131).
1
Let v(q) = q**2 + 263*q - 6272. Calculate v(22).
-2
Let h(q) = -50*q + 160. Give h(2).
60
Let z(y) = -y**3 + 28*y**2 - 83*y + 104. Determine z(25).
-96
Let n(c) = -166*c + 3681. Give n(22).
29
Let z(h) = h**2 - 444*h - 5463. Determine z(-12).
9
Let o(q) = -q**3 - 51*q**2 + 228*q + 651. Determine o(-55).
211
Let b(c) = c**2 - 13*c - 21. Give b(15).
9
Let f(t) = 28*t - 248. Calculate f(9).
4
Let p(h) = -h**2 + 2*h + 24. What is p(-5)?
-11
Let a(h) = 38*h + 2463. Determine a(-64).
31
Let t(f) = -f**3 - 12*f**2 + 8*f - 22. What is t(-12)?
-118
Let u(s) = -176*s - 17. Determine u(2).
-369
Let v(h) = 5*h**2 + 111*h + 610. Determine v(-10).
0
Let a(x) = -x**2 - 22*x + 71. Determine a(3).
-4
Let d(q) = -q**3 + 67*q**2 + 944*q - 32. Determine d(-12).
16
Let g(w) = 5*w + 181. What is g(-22)?
71
Let z(w) = -2*w**2 + 178*w - 2397. What is z(15)?
-177
Let h(p) = p**3 - 9*p**2 + 14*p - 26. Calculate h(9).
100
Let z(f) = -122*f - 1015. Determine z(-11).
327
Let t(h) = 17*h**2 - 4*h + 5. What is t(1)?
18